ite number?
False
Is 254630603 a composite number?
True
Is 68306558197 a prime number?
False
Is 15573910601 prime?
True
Is 8679798419 a prime number?
True
Is 80985902093 a prime number?
True
Is 5473982489 a prime number?
True
Is 2682066641 a prime number?
True
Is 271766541 prime?
False
Is 4716827449 a composite number?
False
Is 534282719 a prime number?
False
Is 105550967 a prime number?
True
Is 1841698743 a prime number?
False
Is 1666802623 a composite number?
False
Is 6784281553 composite?
True
Is 12488561 prime?
True
Is 15776257307 a composite number?
False
Is 18086808499 prime?
True
Is 245734451 prime?
False
Is 32313952789 composite?
False
Is 4181781943 prime?
True
Is 2630768983 prime?
True
Is 267971183 a prime number?
False
Is 42170059 a composite number?
True
Is 1238393609 a composite number?
True
Is 7530714679 composite?
True
Is 17684569873 a composite number?
True
Is 1191270761 prime?
False
Is 8577771563 a prime number?
False
Is 25834094977 a composite number?
True
Is 944739883 a prime number?
True
Is 963598901 prime?
True
Is 3800918707 a prime number?
False
Is 32759049923 a composite number?
True
Is 485001093 prime?
False
Is 5895287521 a composite number?
False
Is 11552251049 a composite number?
False
Is 26769648695 a composite number?
True
Is 2409840379 a composite number?
False
Is 781287971 prime?
False
Is 686860103 composite?
False
Is 224813471 a composite number?
False
Is 1408828643 composite?
True
Is 29255074507 prime?
True
Is 229064281 a prime number?
False
Is 12006061231 a composite number?
False
Is 657094345 a prime number?
False
Is 10315719109 composite?
True
Is 5388615235 composite?
True
Is 1142303599 prime?
True
Is 1021201921 prime?
False
Is 53681613731 a prime number?
True
Is 28501087 composite?
False
Is 219940733 composite?
True
Is 7091476849 prime?
False
Is 351080749595 a composite number?
True
Is 7175181127 prime?
False
Is 18689390607 a prime number?
False
Is 10194812809 a composite number?
False
Is 17715462589 prime?
False
Is 695745293 a composite number?
True
Is 97428235159 prime?
False
Is 16114442161 prime?
True
Is 196486017537 a composite number?
True
Is 1824167495 a prime number?
False
Is 28027682119 composite?
False
Is 2737114791 a composite number?
True
Is 435799589 composite?
False
Is 4925518931 composite?
True
Is 1715934503 a prime number?
False
Is 108781357331 prime?
True
Is 11153348711 a prime number?
True
Is 21961258771 composite?
False
Is 8178034649 prime?
False
Is 11699528131 composite?
True
Is 126963341 a composite number?
False
Is 439968946 composite?
True
Is 8460247723 a prime number?
True
Is 12820683907 composite?
True
Is 176696023 composite?
True
Is 798516853 a prime number?
True
Is 78080060621 a prime number?
True
Is 31311883391 prime?
False
Is 18634219187 prime?
False
Is 14234191241 prime?
True
Is 2494211563 a composite number?
True
Is 79430236583 composite?
True
Is 50020049 a composite number?
True
Is 68998471 prime?
False
Is 62149521559 prime?
False
Is 4044683389 a prime number?
False
Is 2746528403 a prime number?
True
Is 45787842169 a composite number?
False
Is 1601036351 a composite number?
False
Is 97737224435 a composite number?
True
Is 1472178611 composite?
False
Is 12589519717 a prime number?
True
Is 7300800697 composite?
False
Is 1162565297 a prime number?
False
Is 10412505137 composite?
False
Is 128621920703 composite?
False
Is 11004484679 a prime number?
False
Is 3507699749 a prime number?
True
Is 944212561 a composite number?
False
Is 1079043491 a prime number?
False
Is 139525895 composite?
True
Is 933017713 composite?
True
Is 33104428997 composite?
False
Is 1893808613 a prime number?
True
Is 566132159 composite?
True
Is 3640069553 a prime number?
False
Is 89654229997 prime?
True
Is 16445097127 composite?
False
Is 4253756387 a prime number?
False
Is 12997447609 prime?
True
Is 11756521195 a composite number?
True
Is 5350881353 a composite number?
False
Is 13537400549 prime?
True
Is 1224274963 a composite number?
False
Is 14666199001 a prime number?
True
Is 679361003 prime?
False
Is 773590799 composite?
True
Is 84405733231 composite?
False
Is 34557428207 a composite number?
False
Is 237498887 prime?
True
Is 456939701 a prime number?
False
Is 16528424509 a composite number?
True
Is 33190185883 composite?
True
Is 274795159 a composite number?
False
Is 189340173401 composite?
False
Is 15164898491 a prime number?
True
Is 36091141 prime?
True
Is 67468991041 prime?
True
Is 304139113 a composite number?
False
Is 3891608054 a prime number?
False
Is 8485121059 a composite number?
False
Is 5789840123 composite?
True
Is 96316797799 composite?
True
Is 29739172739 composite?
False
Is 4647827341 prime?
True
Is 1584690607 composite?
False
Is 4441993973 composite?
True
Is 1747226057 a composite number?
True
Is 983890491 composite?
True
Is 45447748963 composite?
True
Is 2379328531 a composite number?
True
Is 5892550493 composite?
False
Is 1584045293 prime?
False
Is 353187293 a prime number?
True
Is 4106286599 composite?
False
Is 4037978123 composite?
True
Is 2526772099 prime?
False
Is 816516094 prime?
False
Is 4640858773 a prime number?
False
Is 193003315 a prime number?
False
Is 12980503367 a composite number?
True
Is 4158811973 prime?
True
Is 4319595635 prime?
False
Is 16307692309 composite?
True
Is 59016289 a composite number?
False
Is 5438814319 composite?
False
Is 11746184609 a composite number?
True
Is 6411966667 a composite number?
False
Is 6236434193 composite?
True
Is 1498480331 prime?
False
Is 245184167 a composite number?
True
Is 6443599943 prime?
False
Is 44464891517 a prime number?
True
Is 141602293199 a composite number?
False
Is 337136713 composite?
False
Is 14130937339 a prime number?
True
Is 87253553 prime?
False
Is 848332777 prime?
False
Is 2938303495 composite?
True
Is 992184157 prime?
False
Is 6607504067 composite?
True
Is 22486932973 a composite number?
False
Is 30288611681 a composite number?
False
Is 4149040523 a prime number?
True
Is 6628363211 prime?
False
Is 11125361813 a prime number?
False
Is 935627289 prime?
False
Is 51582721 a composite number?
True
Is 5942625823 composite?
True
Is 4892572369 prime?
False
Is 15348871 a composite number?
True
Is 2266433935 prime?
False
Is 1709324479 prime?
True
Is 196685521 a composite number?
True
Is 16358629477 a prime number?
False
Is 802466059 a composite number?
True
Is 35587169 a prime number?
False
Is 689929033 a composite number?
True
Is 4225003891 a composite number?
False
Is 7999809113 prime?
True
Is 27137449117 prime?
False
Is 47583176401 a prime number?
False
Is 1051564741 prime?
False
Is 543059763 prime?
False
Is 1281126809 prime?
True
Is 11083464709 composite?
True
Is 603489473 a composite number?
False
Is 50260390381 prime?
False
Is 3825806609 a prime number?
True
Is 79754459269 prime?
True
Is 5031833563 a composite number?
False
Is 43509122171 prime?
True
Is 3837307897 a composite number?
False
Is 3458339993 a composite number?
False
Is 2889219409 composite?
True
Is 7474980467 composite?
True
Is 9192814709 a composite number?
True
Is 467941853 prime?
True
Is 20713842979 prime?
True
Is 103957235983 prime?
False
Is 744113 a composite number?
False
Is 140283817 a composite number?
True
Is 135848039729 composite?
True
Is 62709590557 composite?
True
Is 145045991081 a composite number?
False
Is 1962474667 a composite number?
False
Is 3398995577 composite?
True
Is 140139731 a composite number?
False
Is 41520141773 prime?
False
Is 14570935079 a prime number?
True
Is 8287793 a prime number?
True
Is 73498821843 a composite number?
True
Is 145326697 a prime number?
True
Is 562897757 prime?
True
Is 3513208067 composite?
False
Is 2257930411 a composite number?
True
Is 667523749 a prime number?
False
Is 20659962539 composite?
True
Is 101810801 a prime number?
True
Is 676303643 prime?
False
Is 1730831821 a composite number?
True
Is 1287120157 prime?
False
Is 1690843939 composite?
True
Is 4157700007 composite?
True
Is 64222214003 composite?
False
Is 812173067 composite?
False
Is 1040297911 a composite number?
False
Is 19402125377 prime?
True
Is 194458998077 a prime number?
False
Is 516390096019 composite?
True
Is 75546735629 prime?
True
Is 988803209 a composite number?
True
Is 758165101 prime?
False
Is 85912415389 a composite number?
False